 be (86/(-172))/((-3)/198). Let h be (-6)/(-24) - 614/(-8). Calculate the greatest common factor of h and j.
11
Let u be -20*70/(-25)*7. Let o be ((-25)/(-5))/(2/2). Suppose -o*h = -4*b + 201, -5*h = -2*b + 2 + 101. What is the greatest common divisor of u and b?
49
Suppose -3*g = 5*a - 483, g - 4*a = -3*g + 612. Suppose 5*n = y - 28, 5*y + 2*n - g - 65 = 0. Calculate the highest common divisor of y and 129.
43
Let p(k) = k**2 - 16*k - 52. Let l be p(-11). What is the highest common factor of l and 1015?
35
Suppose -4*j + 2 = 5*l - 7*j, 0 = l - 2*j + 1. Let w be (-10989)/(-18) - ((-1)/2)/l. What is the highest common factor of w and 47?
47
Let x = 516 + 201. Let v = 759 - x. What is the highest common divisor of 462 and v?
42
Suppose 6*l - 48845 = -5*q, -273*q + 278*q = -4*l + 48855. What is the greatest common factor of 85 and q?
85
Suppose 11*s - 4 = 9*s. Suppose 125 = 5*x - 5*o, 2*x = -3*x - s*o + 132. Calculate the highest common factor of 338 and x.
26
Let x(f) = f. Let a(g) = -6*g - 24. Let q(h) = -a(h) - 3*x(h). Let b be q(-6). Let w be (0 + 57/2)/(b/8). Calculate the greatest common divisor of 19 and w.
19
Let a(z) = -z + 27. Let y be a(-15). Suppose 1476 = -39*m + y*m. What is the greatest common divisor of 12 and m?
12
Let v(c) = c**3 + 29*c**2 + 68*c - 73. Let w be v(-24). Calculate the highest common divisor of 125 and w.
25
Let i(h) = 18*h**3 + 9*h**2 - 45*h + 125. Let o be i(4). What is the greatest common factor of o and 17?
17
Let z = -797 - -885. What is the greatest common factor of z and 68?
4
Suppose x = -4, -x = -8*o + 5*o + 13. Suppose -677 = -5*y - 3*r, o*r = 3*y + 4*r - 407. What is the greatest common divisor of 17 and y?
17
Suppose -16*h = -34*h + 216. Suppose 12 = -a + 5*a. Suppose 0 = -a*r - 3*s + 339, 4*r - 3*s - 447 = -6*s. What is the highest common divisor of r and h?
12
Suppose -4*o - 5*n - 6835 = -20555, -o + 3431 = n. Suppose o = 14*l - 877. Calculate the greatest common factor of 44 and l.
44
Suppose -96*n - 128*n = -53*n - 342. Let f be (-168)/(-10) + 5/25. Suppose -4*m = 4*w - f - 15, -3*m = -w - 24. What is the greatest common divisor of m and n?
2
Suppose 28*j + 476 = 45*j. Let l = 1 - 1. Suppose 2*q - 14 = -l*q. Calculate the highest common divisor of q and j.
7
Let k = -2445 - -2455. Calculate the highest common divisor of k and 16840.
10
Suppose -34*g + 30*g + 20 = 0. Suppose 8*u = 13*u + 3*w - 471, 111 = u - g*w. Calculate the greatest common factor of 24 and u.
24
Let v(p) = -35*p - 31. Let c be v(-11). Suppose 4*b - c = -3*x - b, -4*x + 5*b = -507. Suppose -2*j = -x - 7. What is the greatest common divisor of 13 and j?
13
Let y(o) = 536*o + 72. Let a be y(0). Calculate the greatest common factor of 16344 and a.
72
Let j(d) = -14*d + 1915. Let b be j(-61). What is the greatest common factor of b and 39?
39
Suppose -l - 5*w + 6065 = 0, 0 = 7*l - 4*l + w - 18265. Suppose -9*u + l = -9390. What is the greatest common divisor of u and 40?
40
Let p be 2 + (-8054)/(-10) + (-342)/855. What is the greatest common factor of 6 and p?
3
Let n = 10074 + -9649. What is the greatest common divisor of n and 825?
25
Let u be (-6)/4 - (8 + (-20312)/16). Calculate the greatest common divisor of u and 490.
70
Suppose -4*o - 34 = -2*w + o, -2*o = 2*w - 6. Suppose -420*k = -195*k - 12600. What is the highest common factor of w and k?
7
Let g be 12/36*(5 - 215/(-5)) + 6. What is the highest common divisor of 74 and g?
2
Let o be (-3100)/62*1167/(-5). Calculate the highest common divisor of 10 and o.
10
Let u be (-116)/(((-88)/33)/((-264)/(-36))). What is the highest common divisor of u and 841?
29
Let w be (-174 - -3252) + (14/63 - 4/18). Calculate the greatest common factor of w and 108.
54
Let p = 5749 + -5429. What is the highest common factor of 340 and p?
20
Let o be (-10)/15 + 17/3. Suppose 2*l = o*n + 9, 4*l - 6 = 2*l + 4*n. Let t be (l - 20 - 4)/((-3)/15). What is the highest common divisor of 54 and t?
27
Let s(l) = -l**3 + 40*l**2 + 910*l - 135. Let o be s(56). Calculate the highest common divisor of o and 59.
59
Let y = 3154 + 3789. Suppose -7*j + y - 2064 = 0. Calculate the highest common factor of j and 41.
41
Let v(u) be the second derivative of -3*u**4/4 - 13*u**3 + 5*u**2 + 173*u. Let y be v(-7). Calculate the greatest common factor of 20 and y.
5
Suppose 0 = 11*h - 10*h + 49. Let j = -51 - h. Let s be (0 + j)/((-15)/105). Calculate the greatest common divisor of s and 2.
2
Let x = -802 - -704. Let z be x - -103 - (-1 - (4 - 2)). Let a(f) = f + 9. Let k be a(-7). Calculate the greatest common factor of z and k.
2
Let m(v) = v**2 - 7*v + 2. Let z be m(8). Suppose -5*o + z = -3*o. Calculate the highest common factor of 15 and o.
5
Let w(y) = 4*y + 30. Suppose 3*g - 44 = g + u, -2*g = 4*u - 24. Let z be w(g). Calculate the highest common divisor of 44 and z.
22
Suppose 3*p = 4*v - 233, -2*p + 0*p - 146 = 2*v. Let w = p + 80. Suppose 330 = w*n + 5*s, 3*n - 5*s + 83 = 273. What is the greatest common divisor of 13 and n?
13
Let o be (5/(-6) - 8/48)*5. Let v be (-2 - 1341/o) + 128/160. Calculate the highest common divisor of 356 and v.
89
Suppose 5*a - 23 = -68. Let v be (-12 + -3)*3/a. Suppose 0 = 2*d + 2*w - 66, -v*d + 116 = -d - 4*w. Calculate the highest common factor of 124 and d.
31
Suppose -232*u = -231*u - 143. Let d be -5 + 1 + (-3 - -59). Calculate the highest common factor of u and d.
13
Suppose -30*x + 20 = -25*x, 4*x + 4 = 4*y. Suppose y*h + 3 = 6*h + 3*f, -27 = -5*h - 3*f. Calculate the greatest common factor of h and 642.
6
Suppose -4*p + 1323 = -r + 3156, -2*r = 5*p - 3731. Calculate the highest common divisor of 218 and r.
109
Suppose 42*f - 91747 = -4933. Calculate the highest common factor of 26 and f.
13
Let h = 132 - 129. Suppose -n - z + 16 = z, 0 = -3*z - h. Let t be (n/(-4))/((-22)/176). What is the highest common factor of t and 4?
4
Let d be 2/(4/((-64)/(-8))). Let s(p) = -p**3 - 17*p**2 - p - 7. Let k be s(-17). Let z = 0 + k. What is the highest common factor of d and z?
2
Let r = -17277 - -19416. Calculate the greatest common divisor of 341 and r.
31
Let f(c) = 18*c**2 + 240*c - 718. Let g be f(3). Calculate the greatest common factor of 6150 and g.
82
Let h = -9291 + 12564. What is the greatest common divisor of 3 and h?
3
Suppose 509 - 378 = 17*x - 532. Calculate the greatest common divisor of x and 2613.
39
Suppose t + 60 = 4*t. Suppose -4*r = 4*z - 9492, 4*r + 4776 = z + z. Let j be (-12)/66 - (z/(-11) + -4). Calculate the greatest common factor of t and j.
20
Let i(l) = -3*l - 3. Let g be i(-8). Let q be -1*(-9)/3*(-49)/g. Let h = -2 - q. Calculate the greatest common factor of 20 and h.
5
Suppose -h - 945 = -4*h. Let t = -13696 + 13741. Calculate the highest common factor of t and h.
45
Suppose 225*w - 834 - 1887 = 1329. Let p = -464 - -1346. What is the highest common divisor of p and w?
18
Suppose -4*l + 2*b = l - 29325, -5*l = -b - 29325. Suppose -17*c = 6*c - l. Calculate the highest common divisor of c and 102.
51
Suppose -58 = 3*w - 625. Let g = 165 + -157. Let p be (-3)/g*240/(-10). Calculate the greatest common factor of w and p.
9
Let r(h) = 3*h**2 - 7*h + 8. Let y be r(2). Let c be y/(-8)*66*6/(-9). Let i = -28 + 39. Calculate the greatest common factor of i and c.
11
Let p(q) = 3*q - 28. Let k be p(10). Suppose -u - 18 = 5*r - k, -5*u + 40 = r. Suppose 4*a + 109 = 433. Calculate the highest common factor of a and u.
9
Suppose r + 13 - 201 = -2*a, 4*a = -r + 380. Let t(p) = p**3 - 8*p**2 + p + 4. Let g be t(8). What is the highest common factor of g and a?
12
Let f be 55/15 + 10*3/90. What is the highest common divisor of 82 and f?
2
Let w = 4756 + -4658. Calculate the greatest common divisor of 322 and w.
14
Suppose 12 = 4*v, -4*l + 631 = 3*v - 2*v. Let t = l - 95. Calculate the highest common factor of t and 93.
31
Let s = 438 + -234. What is the greatest common divisor of 12 and s?
12
Suppose -2*u + 658 = 5*c - 352, 3*c + 3*u - 615 = 0. What is the highest common factor of c and 25?
25
Let t(r) = 16*r + 1967. Let s be t(-92). Calculate the highest common divisor of s and 198.
99
Let f be 1/(69/(-24) - -3). Suppose -o + 54 = -k, -5*k = -f*k + 6. What is the greatest common divisor of o and 24?
8
Suppose 0 = s + 4*d - 24, 0*d - d = 2*s - 20. Let k = -335 - -487